{"id":268,"date":"2024-02-29T09:29:32","date_gmt":"2024-02-29T07:29:32","guid":{"rendered":"https:\/\/jgoessl.hak-digital.at\/?page_id=268"},"modified":"2024-02-29T11:38:35","modified_gmt":"2024-02-29T09:38:35","slug":"sonstiges","status":"publish","type":"page","link":"https:\/\/jgoessl.hak-digital.at\/?page_id=268","title":{"rendered":"Sonstiges"},"content":{"rendered":"\n<p>W\u00e4hlen Sie bitte oben in der Men\u00fcleiste unter &#8222;Sonstiges&#8220; eine Option aus, die Sie \u00fcber mich erfahren m\u00f6chten! Sie k\u00f6nnen zwischen zwei Themen w\u00e4hlen, einmal \u00fcber Projekte und einmal \u00fcber meine Freunde!<\/p>\n\n\n\n<p>Wenn Sie sonst noch etwas \u00fcber mich wissen wollen, w\u00fcrde ich mich \u00fcber ein E-Mail mit Ihren Ideen freuen \ud83d\ude42 <\/p>\n\n\n\n<ul class=\"wp-block-social-links is-layout-flex wp-block-social-links-is-layout-flex\"><li class=\"wp-social-link wp-social-link-mail  wp-block-social-link\"><a href=\"mailto:jennifer.goessl@hak-korneuburg.at\" class=\"wp-block-social-link-anchor\"><svg width=\"24\" height=\"24\" viewBox=\"0 0 24 24\" version=\"1.1\" xmlns=\"http:\/\/www.w3.org\/2000\/svg\" aria-hidden=\"true\" focusable=\"false\"><path d=\"M19,5H5c-1.1,0-2,.9-2,2v10c0,1.1.9,2,2,2h14c1.1,0,2-.9,2-2V7c0-1.1-.9-2-2-2zm.5,12c0,.3-.2.5-.5.5H5c-.3,0-.5-.2-.5-.5V9.8l7.5,5.6,7.5-5.6V17zm0-9.1L12,13.6,4.5,7.9V7c0-.3.2-.5.5-.5h14c.3,0,.5.2.5.5v.9z\"><\/path><\/svg><span class=\"wp-block-social-link-label screen-reader-text\">Mail<\/span><\/a><\/li><\/ul>\n\n\n\n<p><\/p>\n","protected":false},"excerpt":{"rendered":"<p>W\u00e4hlen Sie bitte oben in der Men\u00fcleiste unter &#8222;Sonstiges&#8220; eine Option aus, die Sie \u00fcber mich erfahren m\u00f6chten! Sie k\u00f6nnen zwischen zwei Themen w\u00e4hlen, einmal \u00fcber Projekte und einmal \u00fcber meine Freunde! Wenn Sie sonst noch etwas \u00fcber mich wissen wollen, w\u00fcrde ich mich \u00fcber ein E-Mail mit Ihren Ideen freuen \ud83d\ude42<\/p>\n","protected":false},"author":1,"featured_media":0,"parent":0,"menu_order":0,"comment_status":"closed","ping_status":"closed","template":"","meta":{"ngg_post_thumbnail":0,"_kad_post_transparent":"","_kad_post_title":"","_kad_post_layout":"","_kad_post_sidebar_id":"","_kad_post_content_style":"","_kad_post_vertical_padding":"","_kad_post_feature":"","_kad_post_feature_position":"","_kad_post_header":false,"_kad_post_footer":false,"footnotes":""},"aioseo_notices":[],"_links":{"self":[{"href":"https:\/\/jgoessl.hak-digital.at\/index.php?rest_route=\/wp\/v2\/pages\/268"}],"collection":[{"href":"https:\/\/jgoessl.hak-digital.at\/index.php?rest_route=\/wp\/v2\/pages"}],"about":[{"href":"https:\/\/jgoessl.hak-digital.at\/index.php?rest_route=\/wp\/v2\/types\/page"}],"author":[{"embeddable":true,"href":"https:\/\/jgoessl.hak-digital.at\/index.php?rest_route=\/wp\/v2\/users\/1"}],"replies":[{"embeddable":true,"href":"https:\/\/jgoessl.hak-digital.at\/index.php?rest_route=%2Fwp%2Fv2%2Fcomments&post=268"}],"version-history":[{"count":4,"href":"https:\/\/jgoessl.hak-digital.at\/index.php?rest_route=\/wp\/v2\/pages\/268\/revisions"}],"predecessor-version":[{"id":331,"href":"https:\/\/jgoessl.hak-digital.at\/index.php?rest_route=\/wp\/v2\/pages\/268\/revisions\/331"}],"wp:attachment":[{"href":"https:\/\/jgoessl.hak-digital.at\/index.php?rest_route=%2Fwp%2Fv2%2Fmedia&parent=268"}],"curies":[{"name":"wp","href":"https:\/\/api.w.org\/{rel}","templated":true}]}}